2 is divided by 235.
177
Calculate the remainder when 6248 is divided by 50.
48
What is the remainder when 458 is divided by 78?
68
Calculate the remainder when 108 is divided by 28.
24
Calculate the remainder when 304 is divided by 140.
24
Calculate the remainder when 461 is divided by 117.
110
What is the remainder when 1035 is divided by 36?
27
Calculate the remainder when 5113 is divided by 10.
3
What is the remainder when 332 is divided by 9?
8
What is the remainder when 3898 is divided by 25?
23
Calculate the remainder when 1628 is divided by 400.
28
Calculate the remainder when 196 is divided by 141.
55
What is the remainder when 123 is divided by 34?
21
Calculate the remainder when 448 is divided by 44.
8
What is the remainder when 552 is divided by 111?
108
Calculate the remainder when 3330 is divided by 23.
18
Calculate the remainder when 93 is divided by 53.
40
Calculate the remainder when 352 is divided by 75.
52
Calculate the remainder when 13703 is divided by 4.
3
Calculate the remainder when 338 is divided by 11.
8
What is the remainder when 168 is divided by 13?
12
What is the remainder when 984 is divided by 7?
4
What is the remainder when 8243 is divided by 24?
11
What is the remainder when 2074 is divided by 691?
1
Calculate the remainder when 59 is divided by 51.
8
Calculate the remainder when 84 is divided by 32.
20
What is the remainder when 248 is divided by 2?
0
Calculate the remainder when 3033 is divided by 18.
9
What is the remainder when 2496 is divided by 20?
16
Calculate the remainder when 105 is divided by 54.
51
What is the remainder when 1253 is divided by 327?
272
What is the remainder when 87 is divided by 80?
7
Calculate the remainder when 59 is divided by 30.
29
Calculate the remainder when 4206 is divided by 57.
45
What is the remainder when 244 is divided by 38?
16
Calculate the remainder when 57 is divided by 37.
20
What is the remainder when 2443 is divided by 17?
12
What is the remainder when 71723 is divided by 172?
171
Calculate the remainder when 670 is divided by 11.
10
What is the remainder when 684 is divided by 131?
29
What is the remainder when 194 is divided by 100?
94
Calculate the remainder when 19 is divided by 7.
5
Calculate the remainder when 154 is divided by 114.
40
Calculate the remainder when 1652 is divided by 57.
56
Calculate the remainder when 128 is divided by 45.
38
What is the remainder when 621 is divided by 14?
5
Calculate the remainder when 8651 is divided by 131.
5
Calculate the remainder when 144 is divided by 35.
4
What is the remainder when 1711 is divided by 107?
106
What is the remainder when 12044 is divided by 251?
247
What is the remainder when 38 is divided by 15?
8
Calculate the remainder when 4518 is divided by 156.
150
What is the remainder when 294 is divided by 75?
69
Calculate the remainder when 1171 is divided by 47.
43
Calculate the remainder when 379 is divided by 211.
168
Calculate the remainder when 301 is divided by 63.
49
What is the remainder when 314 is divided by 113?
88
Calculate the remainder when 197 is divided by 40.
37
What is the remainder when 195 is divided by 12?
3
What is the remainder when 494 is divided by 25?
19
What is the remainder when 108 is divided by 10?
8
Calculate the remainder when 464 is divided by 133.
65
What is the remainder when 57 is divided by 23?
11
Calculate the remainder when 6926 is divided by 31.
13
What is the remainder when 122 is divided by 44?
34
Calculate the remainder when 289 is divided by 10.
9
Calculate the remainder when 3166 is divided by 18.
16
Calculate the remainder when 278 is divided by 135.
8
What is the remainder when 262 is divided by 67?
61
What is the remainder when 446 is divided by 213?
20
Calculate the remainder when 359 is divided by 160.
39
Calculate the remainder when 745 is divided by 225.
70
What is the remainder when 44 is divided by 16?
12
Calculate the remainder when 184 is divided by 64.
56
What is the remainder when 1788 is divided by 56?
52
Calculate the remainder when 224 is divided by 45.
44
What is the remainder when 888 is divided by 27?
24
Calculate the remainder when 8824 is divided by 5.
4
What is the remainder when 80 is divided by 33?
14
Calculate the remainder when 753 is divided by 69.
63
Calculate the remainder when 388 is divided by 39.
37
Calculate the remainder when 149 is divided by 33.
17
Calculate the remainder when 2208 is divided by 51.
15
Calculate the remainder when 1542 is divided by 22.
2
Calculate the remainder when 60 is divided by 3.
0
Calculate the remainder when 6951 is divided by 158.
157
What is the remainder when 1352 is divided by 151?
144
Calculate the remainder when 755 is divided by 90.
35
Calculate the remainder when 312 is divided by 63.
60
Calculate the remainder when 47 is divided by 8.
7
Calculate the remainder when 939 is divided by 23.
19
Calculate the remainder when 1228 is divided by 14.
10
What is the remainder when 33 is divided by 24?
9
Calculate the remainder when 3599 is divided by 100.
99
Calculate the remainder when 446 is divided by 123.
77
What is the remainder when 879 is divided by 21?
18
What is the remainder when 765 is divided by 47?
13
What is the remainder when 415 is divided by 94?
39
What is the remainder when 206 is divided by 127?
79
What is the remainder when 62 is divided by 11?
7
Calculate the remainder when 34 is divided by 4.
2
Calculate the remainder when 36 is divided by 13.
10
Calculate the remainder when 330 is divided by 83.
81
Calculate the remainder when 8774 is divided by 22.
18
Calculate the remainder when 458 is divided by 13.
3
Calculate the remainder when 60 is divided by 49.
11
Calculate the remainder when 48 is divided by 47.
1
What is the remainder when 545 is divided by 79?
71
Calculate the remainder when 908 is divided by 91.
89
What is the remainder when 374 is divided by 27?
23
Calculate the remainder when 797 is divided by 56.
13
Calculate the remainder when 2738 is divided by 18.
2
Calculate the remainder when 273 is divided by 69.
66
What is the remainder when 237 is divided by 12?
9
What is the remainder when 871 is divided by 50?
21
What is the remainder when 1304 is divided by 637?
30
What is the remainder when 5863 is divided by 217?
4
What is the remainder when 1008 is divided by 202?
200
What is the remainder when 134 is divided by 67?
0
What is the remainder when 142 is divided by 50?
42
Calculate the remainder when 181 is divided by 62.
57
What is the remainder when 159 is divided by 59?
41
Calculate the remainder when 129 is divided by 50.
29
Calculate the remainder when 285 is divided by 36.
33
What is the remainder when 23763 is divided by 26?
25
What is the remainder when 906 is divided by 447?
12
Calculate the remainder when 655 is divided by 17.
9
What is the remainder when 157 is divided by 54?
49
What is the remainder when 167 is divided by 24?
23
Calculate the remainder when 4510 is divided by 60.
10
What is the remainder when 171 is divided by 21?
3
Calculate the remainder when 264 is divided by 80.
24
Calculate the remainder when 256 is divided by 119.
18
What is the remainder when 30183 is divided by 18?
15
Calculate the remainder when 400 is divided by 38.
20
Calculate the remainder when 1278 is divided by 7.
4
Calculate the remainder when 14639 is divided by 366.
365
Calculate the remainder when 565 is divided by 184.
13
Calculate the remainder when 766 is divided by 31.
22
Calculate the remainder when 67 is divided by 21.
4
Calculate the remainder when 577 is divided by 58.
55
Calculate the remainder when 501 is divided by 87.
66
What is the remainder when 656 is divided by 94?
92
Calculate the remainder when 366 is divided by 68.
26
What is the remainder when 5319 is divided by 38?
37
What is the remainder when 1259 is divided by 60?
59
What is the remainder when 7105 is divided by 7102?
3
Calculate the remainder when 105 is divided by 27.
24
What is the remainder when 137 is divided by 60?
17
Calculate the remainder when 180 is divided by 47.
39
What is the remainder when 924 is divided by 29?
25
What is the remainder when 1027 is divided by 50?
27
What is the remainder when 181 is divided by 62?
57
What is the remainder when 1474 is divided by 43?
12
Calculate t